rue
Let t = -26 + 26. Let m = t - 0. Suppose 10*g - 8*g - 92 = m. Is g a composite number?
True
Suppose -3*v = x, -4*v = 4*x - v + 27. Let p(z) be the third derivative of z**5/10 + 13*z**4/24 + 2*z**3 + 2*z**2. Is p(x) a composite number?
True
Let w = 105339 + -69652. Is w composite?
True
Let l(m) = 179*m - 1. Let z be l(-4). Let a = z - -1154. Is a a composite number?
True
Is ((-1 - -2)*-1)/((-20)/282860) composite?
False
Let f(m) = 4*m**2 - 20*m + 13. Is f(-15) a prime number?
True
Let j = 2241 - 425. Let i = -497 + j. Is i composite?
False
Is (3/7)/((-7)/(-31409)) a prime number?
False
Let d(n) = 10*n**2 - 9*n - 8. Is d(7) composite?
False
Is 1/((11/(-85756))/(3/(-4))) a composite number?
True
Let d = -56 + 35. Is 10/(-35) - 28587/d prime?
True
Let l = 805 - -649. Is l composite?
True
Suppose -5*l - 6*g = -5*g - 13700, 0 = -2*l + 2*g + 5492. Is l a composite number?
False
Let v(c) = -3*c**3 - 10*c**2 - 5*c - 3. Let j be 7/(5 - 4 - 2). Is v(j) composite?
False
Let d(r) = 2*r**3 + 16*r**2 + 7*r + 5. Let c be d(-9). Let f = 523 + c. Is f a prime number?
False
Let u = 15064 + -10473. Suppose -13*a + 1870 + u = 0. Is a a prime number?
False
Let d(f) = -f**3 - 12*f**2 + 43*f + 1. Is d(-18) a prime number?
True
Suppose -l = 2*d + 3 + 1, -5*d = -l + 10. Suppose 0 = -h - 2*h + 4*g + 493, h + 5*g - 158 = l. Is h a prime number?
True
Suppose 3*y = f - 6215, -5*y - 5462 = -f + 745. Is f prime?
False
Suppose i = 2*t - 16110, 13*t - 8*t = i + 40272. Is t composite?
True
Let l(y) = 106*y**2 + y. Let t be l(-1). Suppose 0 = 82*w - 77*w - t. Is w composite?
True
Let d be (5/40*-26)/(3/(-12)). Suppose 0 = 6*b - d*b + 3689. Is b composite?
True
Let i(g) = -4 + 4 - 3 - 4 + 684*g. Is i(2) a prime number?
True
Let l(h) = -50*h**2 - 3*h - 4. Let k(z) = 50*z**2 + 4*z + 4. Let m(a) = -2*k(a) - 3*l(a). Suppose -2*g - 2*f = 6, 0 = 6*f - 9*f. Is m(g) a prime number?
False
Let q(t) be the third derivative of 43*t**4/12 - 2*t**3/3 - 2*t**2. Let u(d) = d**2 - 11*d + 21. Let a be u(9). Is q(a) a prime number?
False
Let h = -307 - -19. Let d = 595 + h. Is d a composite number?
False
Suppose 4*d + b - 20 = 0, -3*d + b + 5 = -2*d. Suppose d*l = l + 4268. Is l a prime number?
False
Let p be (5/(-30)*-2)/(1/978). Let s = 55 + p. Is s a prime number?
False
Let u = -2 - -5. Let q(s) = 11*s - 36. Let j be q(4). Suppose -j*b + 925 = -u*b. Is b composite?
True
Let n(i) = 8 - 5 - 120*i + 1187*i. Is n(4) prime?
True
Let a(i) be the first derivative of 7*i**3/3 - 13*i**2 + 23*i + 8. Is a(18) a composite number?
False
Let d(y) = y**2 - 9*y + 11. Let a be d(8). Let q(z) = z + 11*z**2 + z**a + 12*z + 3 - 3*z. Is q(-8) composite?
True
Let c(s) = 135*s**2 + 14. Is c(-5) a prime number?
True
Let d(k) = -k**2 + 29*k + 44. Let b be d(30). Let p(v) = 45*v - 44. Is p(b) composite?
True
Suppose 4*n + 3*h = 12, 2*n - h + 1 - 7 = 0. Suppose 4*t + n*a = 7*a + 16, 0 = -3*t - 2*a + 7. Suppose 3*g = -l + 42, 0 = -t*g + l + 4*l + 24. Is g prime?
True
Let x = -2017 + 2506. Is x composite?
True
Let j(u) = -10*u - 12. Let r be j(3). Is 86/(-5 - 222/r) a composite number?
True
Let b(l) = 2*l**2 - 7*l - 2. Let o be b(4). Let h be o - (-9)/((-18)/4). Suppose 3*a - 1068 - 1314 = h. Is a a composite number?
True
Suppose -3*p - 36 + 11 = -5*a, a + 23 = -5*p. Is (a/(-6) - -1) + (-44019)/(-27) prime?
False
Let h be ((-12)/9)/(2/15). Suppose 4*w = 5*f - 2, 0 = -f + 3*w + 1 + 6. Is (9/15)/(f/h) prime?
True
Let a = -150 + 184. Is a a composite number?
True
Let p(s) = 0*s**3 - 7 + 3*s**3 + 6 + 9*s - 4*s**2 + 3*s**2. Is p(4) composite?
False
Suppose 0*r - 6131 = -i + 4*r, -2*i - 4*r = -12226. Is i composite?
True
Let h be (142 - 0)/(2*1/72). Let l = h - 3569. Is l a composite number?
False
Let c be ((-5406)/15)/(2/30*-3). Let o = c - 279. Is o composite?
False
Let h(k) = -k**2 + 389. Let z be 4 + (-4 - -3) - 1. Suppose z*m = -m. Is h(m) a composite number?
False
Let w = 71 - 233. Let u be (0 - -4) + (-1641)/(-3 - -6). Let k = w - u. Is k a composite number?
True
Let k(r) = 2*r + 59. Let s(w) = w**2 + 3*w + 2. Let a(c) = 3*c**2 + 10*c + 7. Let q(n) = -2*a(n) + 7*s(n). Let j be q(0). Is k(j) a composite number?
False
Let k = 602 + -343. Is k a composite number?
True
Let n(v) = 740*v + 459. Is n(31) composite?
False
Let b = 38 - 21. Let r = -9 + b. Is r + -4 + 9*1 prime?
True
Let i = 19153 - 11760. Is i composite?
False
Suppose -261 = -5*n - 4*z, -3*n - 5*z = -11 - 143. Is n a composite number?
False
Let w = -140 + 40. Let a = 299 + w. Is a prime?
True
Is ((-8)/(128/(-735972)))/(18/24) a composite number?
False
Suppose 382 + 1538 = -2*w - 4*y, 0 = -5*w - 4*y - 4818. Let u = 1361 + w. Is u composite?
True
Suppose -n + 2607 = -y + 5*y, 5*y = -5*n + 3240. Is y prime?
True
Let q(k) = -5*k**3 + 10*k**2 - 9. Suppose 2*x + 4*b + 0*b + 26 = 0, -b + 25 = -3*x. Let r be q(x). Suppose o = -5*y + r, -o + 1597 = -4*y + 5152. Is y prime?
False
Suppose s + 125 = 6*s. Suppose -3*p + 5*l + 102 + 200 = 0, 0 = -5*l + s. Is p a composite number?
False
Suppose 100841 = 28*s - 140211. Is s a prime number?
True
Let k be 74/(-5) - (-2)/(-10). Let y be k*((-10)/25 + 0). Is 4/(-3) - (-860)/y prime?
False
Suppose -p = -5*p + 2*n + 14, 4*p - 9 = -3*n. Let a(k) = 7*k + 2*k**2 - 2*k - 64*k**p + 65*k**3 + 3 - 4. Is a(4) prime?
False
Let p(f) = 2*f**3 + 75*f**2 - 29*f + 61. Is p(-37) a composite number?
False
Is (4404 - -2)/(30/6 - 3) a composite number?
False
Suppose -4*c = -c + t + 6, c - 14 = 5*t. Let r(g) = -987*g**3 + g**2 + g. Let q be r(c). Is 3/(-2 - q/(-489)) a prime number?
True
Suppose -7*m + 6*m = -10. Is m/(-45) + (-9785)/(-9) composite?
False
Let f be (0/(-2)*1)/(8 + -9). Suppose f = 6*u - 2323 + 481. Is u prime?
True
Suppose 3*r + r = -4*m + 122988, 0 = r + 5*m - 30751. Is r composite?
True
Let h = 75156 - 40841. Is h a prime number?
False
Suppose 5*m = 7*t - 2*t + 65, 5*t + 29 = -4*m. Let y(p) = -6*p + 5. Let b be y(t). Suppose -z + 2*v + b = 0, v - 98 = -2*z + 5. Is z a composite number?
False
Suppose -2*w + 6*w + 24 = 0. Let t(o) = o**3 - 9*o**2 + 5*o + 1. Let a(u) = -u**2 + u + 1. Let m(q) = 2*a(q) - t(q). Is m(w) prime?
True
Suppose 5*r - 17850 - 47489 = -2*z, 0 = 5*r + 5*z - 65330. Is r prime?
False
Suppose -3*c - 1963 = -409. Suppose -4*z + 3437 = -z + 2*w, -2*z = -4*w - 2318. Let k = z + c. Is k prime?
True
Let q(j) = 2829*j**3 - j**2 - j. Let s be q(-1). Is s/(-6) + (-1)/2 composite?
True
Suppose 0 = 3*b - 4*b + 543. Let z = b + -352. Is z a composite number?
False
Let b(f) be the third derivative of -1/60*f**5 + 0*f - 1/24*f**4 + 163/6*f**3 + 0 - 1/120*f**6 - 7*f**2. Is b(0) composite?
False
Suppose 0 = 2*y - 4*j - 16, -5*y = -2*y - 5*j - 29. Let u = -18 + y. Suppose u = -d + 73 + 162. Is d composite?
True
Suppose -1593275 = -1935*z + 1910*z. Is z a prime number?
False
Let c(p) = -45*p + 40. Let u(w) = -2*w**2 + 9*w - 11. Let d be u(4). Is c(d) a composite number?
True
Let k be 6/21 + (-108)/(-14). Suppose -8 = 4*r + k. Is r/18 - 32791/(-99) prime?
True
Suppose 13*c = -41*c + 1289898. Is c composite?
False
Suppose 16*q - 595099 = 625973. Is q prime?
False
Is (-33)/(-6)*-6*(-1934)/6 a prime number?
False
Let y(p) = -21*p**2 + 43*p + 24. Let z(n) = 7*n**2 - 14*n - 8. Let l(k) = 2*y(k) + 7*z(k). Is l(11) prime?
False
Suppose -5*n + 11 = -3*r - 16, -4*n = -r - 23. Suppose -4*k - n*x = -x - 1195, k - 304 = -3*x. Is k composite?
True
Let g(q) = -73*q + 241. Is g(-24) prime?
True
Let x = -4919 - -7175. Is -3 - -4 - x/(-4) a prime number?
False
Let n be 1*2 + -7 + 8. Suppose 0*j = -n*j. Suppose r - 27 = 5*u, -3*u + 8*u + 20 = j. Is r a prime number?
True
Let a = -109 - -111. Suppose -4*l = -2*w - 0*w - 740, -l = a*w - 195. Is l a composite number?
True
Suppose 4*w - 4*g = -4, 4*w + g - 1 = -0*w. Let j = w - -5. Suppose 5*y - 100 = -j*p, 3*y = 2*p + p - 30. Is p a composite number?
True
Suppose -6964602 = -68*y - 1613614. Is y composite?
False
Let g(j) = 266*j**3 - 4*j + 3. Is g(1) composite?
True
Suppose -d - 4*p - 208 = 0, 2*d = -5*p + 54 - 455. Let k be 9 + -13 + (-614)/(-2). Let x = k + d. Is x a composite number?
True
Let k = 2322 + 115. Is k a composite number?
False
Let q = 2899 - 1620. Is q prime?
True
Suppose -4*q + 24 = c + 6, -2*q + 18 = 5*c. Suppose f + 29 = x - 4*f, c*x + 7 = -3*f. Suppose -300 = -5*g + z, 0*z - 256 = 